 of 6 and b.
6
Suppose -3*j + 7*l - 395 = 6*l, -536 = 4*j + l. Let a be j/(-9) - 14/(-63). Calculate the highest common divisor of 255 and a.
15
Let p = 3824 - -1654. What is the highest common factor of 44 and p?
22
Let n = 6022 - 5925. Calculate the greatest common factor of n and 1649.
97
Let i(t) = t - 3. Let r be i(5). Let v be -5 + 2 + r + 255/1. Let o = v - 84. Calculate the greatest common factor of 34 and o.
34
Let v(a) = 664*a - 120806. Let t be v(182). Let b(l) = -64*l - 6. Let o be b(-6). What is the greatest common factor of o and t?
42
Let a(t) = -845*t - 1608. Let p be a(-2). What is the greatest common factor of 1845 and p?
41
Let s be (-369 + 1)*(-294)/196. What is the highest common factor of 264 and s?
24
Let y be (-324)/(-15) + 2 + (-56)/(-140). Calculate the highest common factor of y and 232.
8
Let n be (-8 + 3)*(1 - 27/15). Let g be (-5 - (5 - n))/(2/(-9)). Let w = -12 + g. What is the highest common factor of 120 and w?
15
Let s = -921 - -1588. Let m = s + -343. Calculate the highest common divisor of m and 36.
36
Suppose 339*j + 236*j - 6636 = 101*j. Let w(q) = -55*q**3 + 1. Suppose -3*s - 5 = 2*s. Let l be w(s). Calculate the greatest common divisor of j and l.
14
Suppose s - 5*s + 16 = 0. Suppose 23*z + 5*x = 18*z + 575, -5*x + 343 = 3*z. Calculate the highest common divisor of z and s.
4
Suppose 20*d - 19*d = 4. Suppose -6 = 2*i, 4*o + d*i - 92 = 44. Calculate the greatest common divisor of o and 259.
37
Let b(z) = 0*z - 4*z + 1 + 1 + 8*z**2 + 5*z. Suppose -56*f + 69*f = 26. Let u be b(f). Calculate the highest common factor of 288 and u.
36
Suppose -16 = -15*p + 29. Let t be ((-10512)/365)/(p/(-10)). What is the highest common divisor of 48 and t?
48
Suppose 122*t - 118*t = 400. Suppose -t*q - 750 = -115*q. Calculate the highest common factor of 110 and q.
10
Suppose 0*d + 1449 = 2*d - 415. Calculate the highest common factor of 84 and d.
4
Let k(w) = -w + 583. Let q be k(0). Calculate the greatest common divisor of 22 and q.
11
Suppose 157*g + 50793 = 153942. Calculate the highest common factor of g and 9.
9
Let x(o) = -4*o**3 + 6*o**2 - 3*o**3 + 6*o**3 - 3*o**2 + 6*o - 4. Let q be x(-4). What is the greatest common factor of q and 36?
12
Let o be (-9)/((-243)/(-90))*-3. Suppose o*v + 56 = 686. Let x(d) = 2*d - 5. Let w be x(6). Calculate the greatest common divisor of w and v.
7
Let f be -1 - -630 - (724 + -715). What is the highest common factor of f and 380?
20
Suppose 4*o - 3*w - 14 = 33, -w - 37 = -4*o. Let r = -2 - 2. Let k be r + 5 - (-21 - 2). What is the highest common factor of k and o?
8
Suppose 12223 + 16074 - 8333 = 62*r. Let c be (-370)/(-4) - 3/6. What is the highest common divisor of r and c?
46
Let l(v) = -91*v**3. Let q be l(-1). Let x(w) = w**3 + 280*w**2 + 473*w + 54133. Let s be x(-279). Calculate the greatest common divisor of q and s.
7
Let k = 432 - 411. Suppose 170 = 38*u - k*u. Let o be (-75)/(-2)*(-4)/(-6). Calculate the highest common divisor of o and u.
5
Suppose 2*o = 63 - 1. Let l = -9671 + 9888. Calculate the greatest common divisor of l and o.
31
Let z be (-32151)/7*-1 - 11. What is the greatest common divisor of 58 and z?
58
Let a(x) = x**3 + 5*x**2 - 18*x + 11. Let n be a(2). Suppose -c = -5*v - 102, -c + 10*v = 7*v - 96. Calculate the greatest common factor of c and n.
3
Let n = -328 + 330. Suppose n*t + 5*c - 565 = -0*t, 2*t - 538 = 4*c. What is the greatest common factor of 55 and t?
55
Suppose -127*w + 126*w = -2*r - 1076, -3*w - r + 3235 = 0. What is the highest common divisor of 784 and w?
98
Let u = -21 + 23. Suppose 4*s + 5*v = 4, -v - 16 = 3*s - u*v. Let r be (1 - 4) + (-34 - s)/(-2). Calculate the highest common divisor of r and 12.
12
Suppose -5*c = -2*u - 2530, 24*u = 26*u. What is the greatest common factor of c and 55?
11
Let b(p) = -p**3 + 6*p**2 + 3*p - 6. Let s be b(6). Suppose -10*z + 5*z = 75. Let r be z/s - (-3730)/40. What is the highest common factor of r and 46?
46
Let m = 5712 - 5672. Suppose -2*g - 4*b + 18 = -2*b, 0 = 2*g - 5*b - 18. Let h = g - 4. What is the greatest common divisor of m and h?
5
Let l be 5 + (-15)/(2*(-4)/(-344)). Let h = 757 + l. What is the highest common factor of 312 and h?
39
Suppose -5*l - 83 = -1743. Suppose -8*o = 100 - l. What is the highest common factor of o and 493?
29
Suppose -9*x = 29 + 7. Let b be 6 - x - (-4 + 3). What is the greatest common factor of 1 and b?
1
Let x = -15227 - -20373. Calculate the highest common factor of 310 and x.
62
Let x be (161/42)/(-23) + (-859)/(-6). Let t = -133 + x. What is the highest common divisor of 6 and t?
2
Let k = 14654 - 14616. Calculate the greatest common factor of k and 3629.
19
Suppose 169*a - 165*a - 400 = 0. What is the greatest common divisor of a and 5400?
100
Suppose 0 = 4*j - 2*c + 650, 165*j = 163*j - c - 331. Let z be 42/(-63)*(-1 + j). Calculate the greatest common factor of z and 275.
55
Suppose 0 = -71*n - 5904 + 28979. Calculate the greatest common divisor of n and 52.
13
Let m(b) = 1676*b + 50293. Let o be m(-30). Let q be (-62)/(-2*1/13). Calculate the highest common divisor of o and q.
13
Suppose 54 = -49*m + 1377. What is the highest common divisor of m and 183?
3
Suppose -206 - 1225 = -3*y. Let i(v) = v**3 - 3*v**2 - 3*v. Let j be i(4). Suppose j*o = 1737 - y. Calculate the highest common factor of o and 35.
35
Let m = -596 - -593. Let c be 2/(-4)*(m + -137)/5. Let t(x) = 33*x - 1. Let n be t(3). Calculate the greatest common factor of n and c.
14
Suppose -2*z + 5 = -60*k + 63*k, -40 = -5*k + 3*z. Suppose -3*a = k*g + a - 14, 0 = -3*g - 5*a - 2. Calculate the greatest common factor of 42 and g.
6
Let q be 3/9 + 178/6. Suppose -2*j + 3*j = q. Let k be (78/(-65))/((-4)/j). Calculate the highest common factor of k and 45.
9
Let m be (-2)/((-24)/106) - (-2)/12. Suppose 3*o + m = -5*i + 323, -2*i + 120 = 4*o. What is the highest common factor of 64 and i?
64
Let t be (2 - -3) + 180 - (2 + -1). Let p = -58 + t. Calculate the greatest common factor of p and 14.
14
Let s(l) = -l**3 + 7*l**2 + 5*l + 4. Let k be s(7). Let w be ((-24)/(-2))/24*3*(0 + 6). Calculate the highest common factor of w and k.
3
Let z(a) = -10*a**2 + 467*a - 255. Let j be z(30). Calculate the greatest common factor of j and 30.
15
Suppose -164888 = -235*r - 54908. Calculate the greatest common divisor of r and 516.
12
Let d be 42*((-4)/(-34) + (-312)/(-238)). Calculate the highest common factor of d and 1515.
15
Let l(a) = 16*a + 2. Let z be l(3). Let t be (-15)/225*-10 + 5/((-45)/(-354)). Calculate the greatest common divisor of t and z.
10
Suppose 2*w = -2*i + 16, 3*w + 2*i - 4*i - 29 = 0. Let q(x) = -x**2 + 17*x - 58. Let b be q(w). What is the greatest common divisor of 126 and b?
14
Suppose -102*u + 5543 = 265*u + 1139. What is the highest common divisor of u and 4926?
6
Let q(o) = 277*o**3 + 7. Let y be q(2). What is the highest common divisor of 3952 and y?
247
Suppose 5670 + 15274 = 93*i + 19*i. What is the greatest common divisor of i and 1360?
17
Suppose -l - 195 = -n - 5*l, 0 = -2*n + 2*l + 410. Let j = -200 + n. Suppose -y + 6*u = u + 10, 4*u = 3*y - 25. Calculate the highest common divisor of j and y.
3
Let s = -20 + 33. Let x be 65/s + (1 - 6). Suppose x = 4*p - 563 - 205. What is the greatest common divisor of 12 and p?
12
Suppose -8*o - 19*o + 540 = 0. Let t = 0 + 1. Calculate the highest common divisor of t and o.
1
Let j = -15 - -17. Suppose 0 = j*m - 11*m. Suppose -18*s + 126 = -m*s. What is the highest common divisor of 175 and s?
7
Let c(n) = 115*n**2 - 21966*n + 246. Let l be c(191). Let v = 29 - 14. What is the highest common factor of v and l?
5
Let d be (4 - (-55)/(-15))/(2/312). Suppose 10*k + d = 342. What is the greatest common factor of 377 and k?
29
Let b = -1005 - -1101. Let p(u) = 2*u - 6. Let r(g) = 2*g - 6. Let o(w) = -6*p(w) + 5*r(w). Let t be o(-5). What is the greatest common divisor of t and b?
16
Suppose 18*v - 3516 = -24. Calculate the highest common factor of v and 2619.
97
Suppose 24*l + 67*l - 114000 = -4*l. Calculate the greatest common divisor of l and 375.
75
Suppose 16*s + 7080 = -9848. Let j = 1751 + s. Suppose 0 = b - 3*u - 231, -2*b + 5*b - 5*u = j. What is the highest common divisor of b and 33?
33
Let r = 708 - 706. Suppose 2*t - 28 = -5*d, -